se 2*d + 5*s = -7, d + 2 = -2*s - 0. Let j(a) = d - 12 + 4*a + 4 - a**2. What is j(m)?
-1
Let j(q) be the second derivative of -q**4/12 - 3*q**3 - 69*q**2/2 + 1395*q. Calculate j(-10).
11
Let a(v) = 5 + 5*v**2 - 1 + 3*v - 7. Let u(g) = -3 - g - 7*g**2 + 4*g + 11*g**2. Let b(z) = -3*a(z) + 4*u(z). What is b(-3)?
-3
Let x(h) = -94*h - 2. Let p(g) = -186*g - 4. Let o(q) = -6*p(q) + 11*x(q). Determine o(-1).
-80
Let k(m) = 3*m - 4. Let r be k(3). Let y(f) = -f**2 + f. Let g(a) = -7. Let o(q) = q**2 + 9*q + 21. Let v be o(-5). Let u(c) = v*y(c) - g(c). What is u(r)?
-13
Let n(i) be the third derivative of -i**7/2520 + i**6/180 + i**5/60 - 13*i**4/24 + 28*i**2. Let m(h) be the second derivative of n(h). Calculate m(4).
2
Suppose 0 = 52*c - 53*c + 2. Suppose -15 = -c*m - 1. Let q(z) = -8*z + z**2 - 8 - 2 + z. Determine q(m).
-10
Suppose 0 = -7*z + 16*z. Let s(w) = -6*w**3 - 2*w + 3 + z - w**3 + 2*w**3. What is s(2)?
-41
Suppose 0 = -4*z - 1 + 9. Suppose 42 = -3*g + 6*g. Let u(i) = i**2 + 4*i + 3 + 8*i - g*i. What is u(z)?
3
Let q(a) = 2*a**3 - 3*a**2 - 9*a + 15. Suppose 0 = -24*c + 23*c + 4*t - 11, 4*c + t = 24. Calculate q(c).
145
Suppose a - 16 = 2*y, 0 = -3*a - 25*y + 28*y + 27. Let s(r) be the second derivative of -26*r + 3*r**a - 1/20*r**5 + 0 + 1/3*r**4 + 1/2*r**3. Calculate s(5).
-4
Let c(k) = -k**2 - 7*k - 2. Suppose -5*x + 4*x - 37 = 0. Let g = -1058 + 1026. Let p = x - g. Give c(p).
8
Let y(x) = -x**3 - 3*x**2 + 7*x + 12. Let i be ((-1)/(-2))/((-101)/(-404)). Suppose -l - i*w - 5 = 0, 4*l + 20 = 15*w - 18*w. Determine y(l).
27
Suppose 2*c - 16 = 2*n, c = 98*n - 100*n - 4. Let g(p) = -p**2 + 4*p + 2. What is g(c)?
2
Let i(s) be the third derivative of -s**5/60 + 5*s**4/8 - 25*s**3/6 + 3*s**2 + 791. Determine i(11).
19
Let x(r) be the third derivative of -r**5/60 + 7*r**4/24 + 25*r**3/6 + 2*r**2 + 128*r. Give x(11).
-19
Let r(h) = -3*h - 2. Let o be r(0). Let v(f) = -2*f**2 - 11*f - 17. Let d be v(o). Let k(u) = -u + 4. Determine k(d).
7
Let r be (-27 - -17)*4/(-8). Let t(h) = -h**3 - 1 - 3*h + 6*h**2 - 2 - 1 + 1. Give t(r).
7
Let w(o) be the third derivative of -43*o**6/60 - o**5/30 + o**4/24 + o**3/6 + 10020*o**2. Determine w(1).
-86
Suppose 0 = 63*o - 48 - 141. Let a(f) = f**2 - 36*f + 38*f + 1 + 77*f**3 - 23*f**o. What is a(-1)?
-54
Suppose -b - 8*f - 8 = -4*f, -28 = -4*b + 4*f. Suppose b*c = -c - 70. Let l = c + 8. Let r(i) = 3*i - 6. Calculate r(l).
-24
Let y(h) = 5*h + 2. Suppose 5*d - d + 4*x = -28, 0 = -x - 1. Let f be -1 - (-50)/(-4 + d/(-1)). Suppose -10*t + 4*t - f = 0. Give y(t).
-18
Let p(u) = 12*u + 4. Let y(h) = -29*h - 2. Let g(c) = -33*c - 2. Let a(d) = -6*g(d) + 7*y(d). Let n(q) = 5*a(q) + 2*p(q). Give n(-3).
1
Let n(y) be the third derivative of 0*y + 7*y**2 - 1 + 1/24*y**4 - 1/6*y**3. What is n(-9)?
-10
Let y(t) be the second derivative of 0 + 1/8*t**4 - 7/2*t**2 + 1/6*t**3 + 7*t. Let c(h) be the first derivative of y(h). Give c(-2).
-5
Let p(s) be the third derivative of s**5/20 - 25*s**4/12 - 31*s**3/6 + 189*s**2 + s + 1. What is p(17)?
-14
Let j(m) = -2*m**2 - 19*m. Let x(s) = -s**3 - 4*s**2 + 22*s + 220. Let z be x(6). Calculate j(z).
24
Let z = -13227 - -13248. Let f(q) = -q**3 + 21*q**2 - 3*q + 63. Calculate f(z).
0
Let j(u) = u - 4. Suppose 3*w - 13 - 23 = 0. Let n be j(w). Let b(r) = -n*r + r**2 - 8*r + 24*r + 3 - 12*r. Determine b(2).
-1
Let s(w) be the third derivative of w**4/6 + 17*w**3/6 - 2*w**2 + 208*w. Determine s(-7).
-11
Let t(y) = y**3 + 10*y**2 + 15*y - 17. Suppose 24*d = 14*d + 12*d + 16. Calculate t(d).
-9
Let y(s) = -5*s**2 - 3*s + 2. Suppose -10*m + 16*m - 6 = 0. Let b be y(m). Let j(d) = -d**3 - 6*d**2 + 2*d + 7. Give j(b).
-5
Let n(r) = -5*r + 2. Suppose v - 69 = -3. Suppose 0*o - 11*o = -v. Suppose -10 = -4*z + o. Calculate n(z).
-18
Suppose m + i + 3 + 3 = 0, m - 5*i + 12 = 0. Let j(y) = -y - 38. Determine j(m).
-31
Let h(g) = g**3 - g**2 + 2*g - 2. Let w be h(1). Let z(q) = 1 + 12*q - 23*q + 14*q - 6*q**2 + w*q**3 + q**3. What is z(5)?
-9
Let p = -21044 - -21047. Let u(q) = q**3 - 4*q**2 + 10*q - 17. Give u(p).
4
Let u(g) be the third derivative of -g**5/10 + g**4/8 + g**3/2 - 998*g**2. Determine u(-2).
-27
Let p(u) = -4. Let j(q) = q - 8. Let d(n) = -3*j(n) + 7*p(n). Let m be ((-15)/2)/(15/(-80)). Let y = 43 - m. Determine d(y).
-13
Let x(g) = -g**2 - 4*g + 1. Let s(i) = 23*i - 38*i + 50*i - 111. Let m be s(3). Give x(m).
-11
Let z(m) be the second derivative of 7*m**3/6 + 377*m**2/2 - 10*m + 168. Determine z(-54).
-1
Let b(k) = k**3 - 6*k**2 - 4*k + 26. Let q = 4810 - 4804. Determine b(q).
2
Suppose -17*w - 2 = -19*w. Let z(n) = -4*n + 2*n**2 + 6 + 2*n**2 - 3*n**2 - w. Let p be z(4). Let q(o) = -o**2 + 5*o + 4. Determine q(p).
4
Let z(y) = y**3 - 4*y**2 + 4*y + 5. Let v(r) = -2*r**3 + 7*r**2 - 7*r - 9. Let n be 26*1/(-12)*-6. Let k(c) = n*z(c) + 6*v(c). Give k(8).
-37
Let i(n) = 2*n**2 + 4*n - 1. Suppose 28 = 13*r + 35 + 32. Determine i(r).
5
Let d(u) = -u**2 - u + 1. Let n(h) = -7*h**2 - 9*h + 8. Let j(m) = 6*d(m) - n(m). Suppose -675 = -26*k + 31*k. Let y be k/(-54)*(-8)/10. What is j(y)?
-4
Let f = -4667 + 4670. Let g(i) = 5*i**2 + 2*i - 5. What is g(f)?
46
Let w = 83 - 86. Let m be (-64)/(-12) + 1 + (-2)/w. Suppose m*n - 2*n = -25. Let o(x) = -x - 4. Calculate o(n).
1
Let t(u) = -u**3 + 8*u - 3. Let v = -3029 + 3032. What is t(v)?
-6
Let h(l) be the second derivative of -1/6*l**3 - 2*l + 19 + 9/2*l**2. Calculate h(6).
3
Let z(d) be the third derivative of d**5/60 + 11*d**4/12 + 2*d**3 - 5487*d**2. Calculate z(-19).
-45
Let q(f) = -3*f**2 - f. Let n(w) = 3*w**2 - 4*w**2 - 109 + 41144*w - 41165*w. Let r be n(-10). What is q(r)?
-4
Let b(f) = 2*f**2 - f - 1. Let m(d) = -d**3 - 2*d**2 + d. Let i(k) = -3*b(k) - m(k). Suppose 9*g + 15 = 42. Give i(g).
0
Let q be ((-1350)/(-50))/(1/(-1)). Let y(t) = -t**3 - 25*t**2 + 52*t - 49. Determine y(q).
5
Let p(s) be the second derivative of -s**4/12 + s**3/3 - 13*s**2/2 - 210*s + 5. What is p(3)?
-16
Let p(v) = 31*v**3 + v**2 + 12*v - 3. Let x(d) = 4*d**3 - d**2 + d + 1. Let k(w) = -p(w) + 8*x(w). What is k(10)?
71
Let q(c) = 6 - 12 + 4*c + 5. Let r = -6 - -8. Suppose r = -2*u + 10. What is q(u)?
15
Suppose 2*c = 2*u + 65 - 19, -3*u = -2*c + 43. Let s(a) = 27*a + c*a + 0*a**2 + a**2 - 47*a + 5. Calculate s(-6).
5
Let n = 10 - 7. Let p(d) = d**2 + 4*d - 5. Let l(s) be the third derivative of s**5/60 + s**4/8 - 2*s**3/3 + 119*s**2. Let f(i) = 6*l(i) - 5*p(i). What is f(n)?
4
Let h(d) be the third derivative of -d**5/60 - 7*d**4/8 - 8*d**3 + 88*d**2 + 3*d - 2. Give h(-3).
6
Suppose 4*r - 140 = -4*o, -5*o + 44 = -4*r - 113. Suppose 28*k - o*k = -30. Let b(a) be the third derivative of a**4/24 - a**3 - 4*a**2. Calculate b(k).
0
Let a(s) = s**3 + 5*s**2 - 4*s. Let v(b) = -b**3 + 4*b**2 - 5*b + 15. Let t(p) = -2*p**2 + 19*p - 5. Let d be t(9). Let u be v(d). Give a(u).
20
Let n = -286 - -287. Let s(p) be the first derivative of -13*p**2/2 + 5*p - 4. Let r(b) = 1. Let g(c) = n*s(c) - 6*r(c). Determine g(-1).
12
Let x(k) = 6*k + 11 + 13 + 6. Suppose 5*y - 5*n = -10, -20 = -88*n + 93*n. Calculate x(y).
-6
Let g be ((-22)/(-5) - 4)*-5. Let y(l) be the third derivative of -l**6/120 - l**5/60 + l**4/8 + l**3/2 + 86*l**2 + 1. Calculate y(g).
1
Let r(g) be the third derivative of g**7/1260 + 7*g**6/720 + g**5/60 + 53*g**4/24 + 57*g**2 - 2. Let q(i) be the second derivative of r(i). Give q(-5).
17
Suppose -5*g + 2*g + 36 = 0. Suppose 0 = 5*z - z + 5*a - g, 4*a = z - 3. Suppose -z*w = 2*w - 20. Let l(q) = q**2 - q. Give l(w).
12
Suppose 69*g - 266*g + 4531 = 0. Let b(w) = w**3 - 22*w**2 - 24*w - 10. Give b(g).
-33
Let d(x) be the third derivative of x**4/8 + 2*x**3/3 - 2*x**2. Suppose 5*t + 2*b + 27 = 0, -5*t - 45 = 15*b - 10*b. What is d(t)?
-5
Let h(b) = -b + 3. Let g be h(3). Let o(k) = k**2 + 2*k. Let p be o(3). Let m(j) = 0*j + 16*j + 7 - p*j. Give m(g).
7
Let n(c) = -6. Let y(k) = -5. Let i(w) = 6*n(w) - 7*y(w). Let v(h) = -h**2 + 5*h - 4. Let u = -542 + 538. Let f(r) = u*i(r) - v(r). Calculate f(6).
14
Let y be (-2)/(1 + -1 + -2). Let l(j) = 9*j**2 + 4*j - 5. Let n be l(y). Let f(k) = -k + 5. Determine f(n).
-3
Let c(l) be the third derivative of l**6/360 + l**5/24 - 5*l**4/24 + 49*l**3/6 - 54*l**2. Let y(t) be the first derivative of c(t). Calculate y(-6).
